{"id":35,"date":"2025-03-07T19:59:54","date_gmt":"2025-03-07T19:59:54","guid":{"rendered":"http:\/\/modelacion1.fcyt.umss.edu.bo\/?page_id=35"},"modified":"2025-09-19T15:27:50","modified_gmt":"2025-09-19T19:27:50","slug":"tiempo-actual","status":"publish","type":"page","link":"http:\/\/modelacion.fcyt.umss.edu.bo\/index.php\/tiempo-actual\/","title":{"rendered":"el tIEMPO en COCHABAMBA"},"content":{"rendered":"\n<p class=\"has-text-align-center\">Datos en tiempo real provistos por la estaci\u00f3n meteorol\u00f3gica FIS-01. Ubicaci\u00f3n: Departamento de F\u00edsica de la UMSS, Campus Las Cuadras .<\/p>\n\n\n\n<p><\/p>\n\n\n<p><iframe loading=\"lazy\" src=\"http:\/\/modelacion.fcyt.umss.edu.bo\/wp-content\/subidas\/servidor\/Clima_Actual_v2.html\" width=\"100%\" height=\"1500\"><\/iframe><\/p>\n\n\n<p><\/p>\n","protected":false},"excerpt":{"rendered":"<p>Datos en tiempo real provistos por la estaci\u00f3n meteorol\u00f3gica FIS-01. Ubicaci\u00f3n: Departamento de F\u00edsica de la UMSS, Campus Las Cuadras .<\/p>\n","protected":false},"author":1,"featured_media":0,"parent":0,"menu_order":0,"comment_status":"closed","ping_status":"closed","template":"","meta":{"footnotes":""},"class_list":["post-35","page","type-page","status-publish","hentry"],"_links":{"self":[{"href":"http:\/\/modelacion.fcyt.umss.edu.bo\/index.php\/wp-json\/wp\/v2\/pages\/35","targetHints":{"allow":["GET"]}}],"collection":[{"href":"http:\/\/modelacion.fcyt.umss.edu.bo\/index.php\/wp-json\/wp\/v2\/pages"}],"about":[{"href":"http:\/\/modelacion.fcyt.umss.edu.bo\/index.php\/wp-json\/wp\/v2\/types\/page"}],"author":[{"embeddable":true,"href":"http:\/\/modelacion.fcyt.umss.edu.bo\/index.php\/wp-json\/wp\/v2\/users\/1"}],"replies":[{"embeddable":true,"href":"http:\/\/modelacion.fcyt.umss.edu.bo\/index.php\/wp-json\/wp\/v2\/comments?post=35"}],"version-history":[{"count":16,"href":"http:\/\/modelacion.fcyt.umss.edu.bo\/index.php\/wp-json\/wp\/v2\/pages\/35\/revisions"}],"predecessor-version":[{"id":328,"href":"http:\/\/modelacion.fcyt.umss.edu.bo\/index.php\/wp-json\/wp\/v2\/pages\/35\/revisions\/328"}],"wp:attachment":[{"href":"http:\/\/modelacion.fcyt.umss.edu.bo\/index.php\/wp-json\/wp\/v2\/media?parent=35"}],"curies":[{"name":"wp","href":"https:\/\/api.w.org\/{rel}","templated":true}]}}